+ 6*z - t*z**2 + 2*z**2. Let y = -1 - -6. Determine d(y).
4
Let u = -1 - 5. Let j be u/(-4) - (-28)/(-8). Let v(k) = -3 - 4*k + 1 + 0. What is v(j)?
6
Let x(u) = -6*u**2 + u. Let q be (-3)/(-3*(2 - 1)). Calculate x(q).
-5
Let m(d) = -d**2 - 3*d. Let x = 4 + -12. Let z be (-1)/(-1 - x/6). Calculate m(z).
0
Suppose 36 = 4*d - 0*d. Suppose 3*v = -m - d, 3*v - 37 = -2*m + 8*v. Let r = 3 - m. Let w(y) = y**3 + 4*y**2 - 1. Calculate w(r).
8
Let s(b) = 4*b**2 + 17*b + 4. Let j(q) = -q**2 - 4*q - 1. Let g(w) = 9*j(w) + 2*s(w). Calculate g(-2).
-1
Let m be -4*10/((-4)/2). Let u be (-30)/(-20)*m/6. Let x(f) = f**3 - 5*f**2 + 4. Determine x(u).
4
Suppose 51 = -6*a + 15. Let i(h) be the third derivative of h**4/12 - h**3/3 - 2*h**2. Determine i(a).
-14
Let f(w) = -w + 7*w - w**2 - 12*w. What is f(-7)?
-7
Let l be 33/6 - (-1)/2. Let w = l - 4. Let o be -2 - ((1 - w) + -2). Let d(z) = -4*z**3 - 2*z**2 + 2*z - 1. Give d(o).
-5
Let u(y) = -3*y**2 - 12*y. Suppose 25 = 4*t - 43. Let n(k) = k**2 + 4*k. Let o(l) = t*n(l) + 6*u(l). Determine o(-5).
-5
Let b(a) = a**2 + 4*a + 4. Suppose -3*j - 12 = -3. What is b(j)?
1
Let i = 21 - 14. Let m(n) = -5 + 6 + i*n - 3*n. Suppose -5*o + 5*l = 10, 0 - 5 = o - 2*l. Determine m(o).
5
Let z(n) be the third derivative of 1/10*n**5 + 0*n - n**3 - 1/6*n**4 + 0 + n**2 - 1/120*n**6. Suppose -2*a - 5*q + 9 = -1, 4*a + q = 20. What is z(a)?
-1
Let u(o) = 6*o**3 + 5*o**2 + o + 9. Let d(q) = 7*q**3 + 5*q**2 + q + 10. Let y(a) = 5*d(a) - 6*u(a). Let r be 2/(-5) + 4/10. Let h = -5 + r. Calculate y(h).
1
Let z be (-18)/(-24) + 159/12. Let x(a) = 9 + 0*a - z + a. Suppose 6*v - 5*v = 0. What is x(v)?
-5
Suppose -11 + 31 = 5*z. Let t(o) = o**3 - 5*o**2 + 4*o + 5. Give t(z).
5
Let d(x) = -3*x + 2. Let p(i) = -3*i + 1. Let j(n) = 3*d(n) - 2*p(n). What is j(3)?
-5
Suppose 0 = 13*h - 11*h + 28. Let k = h + 17. Let y(m) = -m + 4. Calculate y(k).
1
Let b(d) be the first derivative of -d**6/360 - d**5/24 + 7*d**4/24 + 4*d**3/3 + 6. Let z(k) be the third derivative of b(k). What is z(-6)?
1
Let c(u) = 5*u**2 - u - 1. Let i(g) = -g**2 - g - 1. Let w(k) = c(k) + 6*i(k). Calculate w(-5).
3
Let t(z) be the third derivative of -z**5/10 + z**3/6 + z**2 + 7. What is t(-1)?
-5
Let w(v) = v**2 + 13*v + 15. Let l be (-4)/(-18) + 220/(-18). Let h be w(l). Suppose 0*u + u = -h. Let n(c) = -c - 2. Calculate n(u).
1
Let q(b) = 56 - 55 - b - b. Give q(1).
-1
Let a(s) = 9*s**3 + 16*s**2 + 23*s + 17. Let c(g) = 5*g**3 + 8*g**2 + 12*g + 9. Let y(h) = 4*a(h) - 7*c(h). Calculate y(-7).
-2
Let l be 10/(-4)*(-64)/(-40). Let g(u) = -u**2 - 6*u - 5. Determine g(l).
3
Suppose -4*w + 0 = -2*t + 22, 0 = -4*t + 4*w + 24. Let q(i) be the second derivative of 3*i**5/20 + i**3/6 + 3*i. Give q(t).
4
Suppose 5*c - c + 8 = 0. Let u be (-4)/c*6/4. Let k(d) = -d**3 + 2*d**2 + 3*d + 2. What is k(u)?
2
Let n(x) = -x**3 + 2*x**2 + 3. Let w be (-8 + 2)/(-24) + 22/8. Give n(w).
-6
Let q(d) be the first derivative of d**5/120 - d**4/6 + 5*d**3/3 + 3. Let z(o) be the third derivative of q(o). Give z(-5).
-9
Let n be (7/2 - 3)*14. Suppose w - 6*b = -4*b + 2, b = 2*w - n. Let t(k) be the first derivative of k**4/4 - 4*k**3/3 + k**2 + k + 1. Calculate t(w).
9
Let k = -67 + 64. Let s(f) = 3*f**2 + 3*f - 1. Let q(o) = 8*o**2 + 8*o - 2. Let d(m) = 4*q(m) - 11*s(m). Determine d(k).
-3
Let t(a) = 2*a + 2 - 5*a**3 - 5 + 6*a**3 - a**2. What is t(2)?
5
Let z(g) = -7*g**2 + 1. Suppose 0*q - 18 = q + 2*u, -3*q - 3*u - 48 = 0. Let x = -9 - q. Suppose l - x*l = 4. Calculate z(l).
-6
Let x(u) = -2 - 4*u**2 + 2*u**2 - 2*u**2 - 11*u + 2*u**2. Let q(o) = o**2 + 5*o + 1. Let p(b) = 5*q(b) + 2*x(b). Determine p(-2).
-1
Let s(m) be the first derivative of -m**3/3 - 2*m**2 + 5*m + 14. Calculate s(-4).
5
Let i(r) = 2 + 3 - 6. Let b(v) = -4*v + 2. Let c(a) = -a - 1. Let x(l) = b(l) - 5*c(l). Let u(y) = 5*i(y) + x(y). What is u(4)?
6
Suppose -r + 3 = 2*i, -i - 9 = -4*i + 3*r. Let x(l) = -4*l**2 + 8*l**i + 3*l**2 + 5 - l**3 + 5*l - 2*l**2. Give x(6).
-1
Let z(d) = -d**3 + 3*d**2 - 3*d. Let r be z(2). Let m(n) be the third derivative of -n**4/6 - n**3/6 + 4*n**2. What is m(r)?
7
Let n(m) = 3*m + 3. Let l = -21 - -17. What is n(l)?
-9
Let o(n) = n**3 + 10 - 12*n + 2*n + 2*n + 8*n**2 + 17*n. What is o(-7)?
-4
Let l(n) = -n**2 - 4*n - 11. Let u(g) = -g**2 - 3*g - 10. Let r(i) = -4*l(i) + 5*u(i). Determine r(0).
-6
Let l = 9 - 5. Let f = 7 - 5. Let k(w) = -l*w**2 + f*w**2 - 3 + 4*w + 3*w - 2*w. Determine k(3).
-6
Let k(w) = w**2 + 4*w + 2. Let r be k(-4). Suppose r = 2*y - 4. Let l(s) = s**2 - 4*s - 3. Calculate l(y).
-6
Let f(i) = -i - 1. Let g be f(-2). Let o be 1 + 2 + (g - 3). Let u(w) = 9*w**3 - w**2 + w - 1. Determine u(o).
8
Suppose -39*s + 4 = -38*s. Let z(a) = 10*a**2 - 5 - a**3 + 2*a - 6*a - 2*a. Let q(x) = x**3 - 9*x**2 + 5*x + 5. Let m(n) = -6*q(n) - 5*z(n). Determine m(s).
-5
Let q(i) = 4*i**2 + 3*i. Let s(u) = -8*u - 4*u**2 + 3*u**2 + 4*u - 4*u**2. Let r(o) = 4*q(o) + 3*s(o). Determine r(2).
4
Let y be (0 - -2)*(-1 + 0). Let w(t) = -2*t + 1. Calculate w(y).
5
Suppose -4*j + a + 4*a + 37 = 0, a - 1 = -2*j. Let h(l) = 1 + j + 3*l - 5*l. What is h(4)?
-4
Let k(l) = -l**3 + 2*l**2. Let r = 13 + -11. Let s be r/7 - 12/(-7). What is k(s)?
0
Let n(b) = b + 7. Suppose 67 - 12 = 5*a. Let v be 0 + 80/(-5)*1. Let i = v + a. Calculate n(i).
2
Suppose 2*w = 6 + 2. Let y(i) = -i - 4. Let o(u) = -u - 5. Let c(m) = w*y(m) - 3*o(m). What is c(5)?
-6
Let u be 44/10 + 4/(-10). Let s(q) = 2*q**2 - 2*q - 2. Let g be s(2). Let w(d) = -g*d - d + u*d. Calculate w(1).
1
Let b(y) = 6*y. Let r be -3 - -2 - (-4 + 2 + 0). What is b(r)?
6
Let r(d) = 5*d**2 + 1. Let l be r(-1). Suppose 3*m - l*m = -18. Let i(x) = x**3 - 6*x**2 - 3*x + 6. Calculate i(m).
-12
Let v(p) = -3*p**3 - 15*p**2 + 8*p + 6. Let g(s) = -4*s**3 - 22*s**2 + 12*s + 9. Let t(n) = 5*g(n) - 7*v(n). What is t(4)?
3
Let b(l) be the first derivative of l**4/4 - l**3/3 - 3. Let k(h) = -8*h**3 + 7*h**2 + h. Let j(c) = 6*b(c) + k(c). Calculate j(-1).
2
Let u(p) be the second derivative of -3/4*p**4 - 4*p**2 - 3*p + 17/6*p**3 + 0. Let x(y) = 4*y**2 - 8*y + 4. Let b(n) = 6*u(n) + 13*x(n). Calculate b(-3).
-8
Let r(z) = -z**3 + 5*z**2 + 3*z + 2. Let h be (-1)/(1*(-2)/10). Give r(h).
17
Let k be (-1)/2 - (-26)/4. Let w(f) = -3*f - f**2 + k - 4 + 0*f. Let x(l) = -4*l**2 + l - 1. Let m be x(1). Calculate w(m).
-2
Let n(c) be the first derivative of 1/2*c**2 + 1 - 6*c. Calculate n(4).
-2
Let k(n) = -n**3 + 4*n**2 - n - 1. Let t be (6/3)/(2/(-5)). Let q be ((-36)/(-15) + -3)*t. Calculate k(q).
5
Let x(g) = -6*g - 1. Suppose 5*d = -0*d - 45. Let v be ((-12)/d)/((-4)/6). Give x(v).
11
Let r(y) = 2*y**2 - 2*y + 1. Let s = -15 - -16. Determine r(s).
1
Suppose 13*d = 15*d - 8. Let g(q) = 3*q**2 - q - 5. Let a(v) = v**2 - 2. Let f(b) = -8*a(b) + 3*g(b). Determine f(d).
5
Let v(b) = b**2 - 22*b + 21. Let a be v(21). Let w(s) = -s**3 + s - 12. Determine w(a).
-12
Let s(o) = o**3 + 3*o**2 - 2*o + 2. Suppose 4*n = 2*n + 3*c - 15, 3 = n + 2*c. Calculate s(n).
8
Let o(a) = -6*a + 2. Let l(z) = -z + 1. Let y(w) = 3*l(w) - o(w). Determine y(-1).
-2
Suppose -6*q - 4 = -4*q. Let c(n) = 3*n**2 - 5*n - 1. Let j(s) = -7*s**2 + 11*s + 1. Let f(b) = -5*c(b) - 2*j(b). What is f(q)?
-7
Let i(g) be the third derivative of -g**7/840 - g**6/180 + g**5/24 - g**4/8 - g**3/3 - 3*g**2. Let o(x) be the first derivative of i(x). What is o(-4)?
9
Suppose 0 = -3*k - 1 - 5, -4*s - 6 = -5*k. Let n = s - 0. Let z be 1/(n/3 + 1). Let d(p) = -p**3 - 4*p**2 - p + 2. Determine d(z).
-4
Let z(a) = -3*a**2 - a + 2. Let p(m) = -7*m**2 - 3*m + 5. Let q(v) = -2*p(v) + 5*z(v). What is q(3)?
-6
Let x(k) be the first derivative of -3*k**2/2 - k + 24. Give x(-2).
5
Let t = 21 + -29. Let x(s) = -s**2 - 9*s - 10. Calculate x(t).
-2
Let z(v) = 7*v - 13*v + 1 + 6 - 3. What is z(3)?
-14
Let f(g) = 4*g**2 + g - 11. Let z(s) = 3*s**2 + s - 10. Let n(h) = -4*f(h) + 5*z(h). Determine n(0).
-6
Let c = 101 + -103. Let v(x) = -3*x**2 + x + 1. What is v(c)?
-13
Suppose 3*l = -4*y + 11, 3*y + 3*l = 18 - 6. Let j(z) = -z**3 + z**3 - 2*z**2 - 1 + z**3. Let c(m) = -3*m**2 - 1. Let a(b) = 2*c(b) - 3*j(b). Determine a(y).
4
Let d(a) = -1 + 6 + 4*a - 20*a. Let x(r) = -17*r + 6. Suppose 5*f = 5 + 25. Let i(y) = f*x(y) - 7*d(y). Calculate i(-1).
-9
Sup